 z(a) = -18*a + 82. Let m be z(-11). Let d = m - -82. List the prime factors of d.
2, 181
Suppose 0 = 6*c - 12*c + 72. Suppose -3*d + z = -127, 4*z + c = -4. Let x = 116 - d. What are the prime factors of x?
3, 5
Let i(l) = -l**2 - 8*l - 9. Let u be i(-7). Let z be (-2 - 1 - -24)*1. What are the prime factors of 1602/z - u/(-7)?
2, 19
Let s(g) = 41 + 30 + 7*g + 8*g + 7*g - g**3 - 15*g**2. What are the prime factors of s(-17)?
5, 11
Let z = 44769 + -17517. List the prime factors of z.
2, 3, 757
Let h(f) = -28*f**3 - 6*f**2 - 15*f - 16. Let k be h(-3). Let j = k + 277. List the prime factors of j.
2, 3, 7
Let j(s) = -5*s + 92. Let t be j(18). Suppose -t*b - 367 = -603. What are the prime factors of b?
2, 59
Let r(v) = 2*v - 16. Let z(l) = -l - 16. Let c(a) = -2*r(a) + 3*z(a). Let b = -58 + 28. List the prime factors of c(b).
2, 97
Suppose 11*g - 17*g + 1404 = 0. Suppose 498 = 4*l - g. What are the prime factors of l?
3, 61
Suppose -82*u + 159*u = 4078382. What are the prime factors of u?
2, 71, 373
Let q be (6/(-8)*-4 + -2)*5. Suppose -q*x - 2*d + d = -17, d = -2*x + 8. List the prime factors of (6/x + -217)*4/(-10).
2, 43
Let f(l) = -1700*l - 2503. What are the prime factors of f(-9)?
67, 191
Suppose -4*i - 5*b = -4, 3*i + 8*b - 13*b + 32 = 0. List the prime factors of 196 + ((-91)/(-35) - i/10).
199
Suppose 0 = -4*q + 5*f + 15975 + 10104, -q + 6521 = -f. Suppose 3572 = 27*d - q. What are the prime factors of d?
2, 11, 17
Let v = -28 + 30. Let x(i) = -66*i**2 + 36*i**2 - 13*i + 37*i**v + 12. What are the prime factors of x(7)?
2, 3, 11
Let z be (6*(-2 + 3))/(6/(-8)). Let a(u) = -u**2 - 11*u - 23. Let p be a(z). Let g(d) = 86*d**2 - d + 1. List the prime factors of g(p).
2, 43
Let j(y) = -359*y - 9774. List the prime factors of j(-71).
5, 7, 449
Suppose -5*w = 0, 8*q = 12*q + w - 4. List the prime factors of q*(4/32 - 25075/(-40)).
3, 11, 19
Suppose -l + 0*l = -2*z - 35, 2*z = 0. Suppose -830 = -l*g + 30*g. What are the prime factors of g?
2, 83
Let t(h) = h**3 - 7*h**2 - 6*h - 16. Let r be t(8). Suppose -3*z + 1157 + 103 = r. What are the prime factors of z?
2, 3, 5, 7
Let w(v) = -4*v**3 - 15*v**2 - 42*v - 39. Let r(h) = -5*h**3 - 14*h**2 - 42*h - 40. Let k(g) = 5*r(g) - 6*w(g). What are the prime factors of k(21)?
5, 19
Suppose -675 = -3*p + t, -p = -0*p - 3*t - 225. Let a = 294 - 142. Let q = p - a. What are the prime factors of q?
73
Let l(u) = 7*u**3 - 19*u**2 + 127*u - 84. What are the prime factors of l(13)?
5, 41, 67
Let u(o) = o - 1. Let q(s) = -2*s - 15. Let m(j) = -q(j) + 5*u(j). Let b be m(-2). What are the prime factors of (14/(-21))/(b/942)?
157
Let y = 533 + -510. Suppose -4*j - y*o = -19*o - 416, 3*o = 2*j - 188. What are the prime factors of j?
2, 5
Let m be (-15)/(6 + -1) - -189. Let w = 897 - m. What are the prime factors of w?
3, 79
Let o = -3191 + 13679. What are the prime factors of o?
2, 3, 19, 23
Suppose w + 4*y = -3, 3*w + y = w + 8. Suppose -w*v + 10*v - v = 0. Suppose v = -4*q + 4*m + 20, 2*m + 4 - 39 = -3*q. What are the prime factors of q?
3
Let x(y) = -24*y + 80. Let t be x(4). Let l(d) = d**3 + 20*d**2 + 39*d + 5. What are the prime factors of l(t)?
3, 5
Let k = 185 + -185. Suppose k = p + 5, -3*z + 5*p = -0*p - 1816. List the prime factors of z.
3, 199
Let j(t) = 131*t**3 - 3*t + 2. Let f be j(1). Let y = f - -52. List the prime factors of y.
2, 7, 13
Suppose 26*p - 140550 - 135908 = 0. List the prime factors of p.
7, 31
Suppose 2*l - 72 + 88 = 0, 5*y - 5*l = 82390. List the prime factors of y.
2, 3, 5, 61
Let h(t) = 60*t**2 + 82*t + 85. What are the prime factors of h(8)?
3, 509
Let a = -39 - -41. Suppose -16 = -6*s + a*s. Suppose 0 = -s*y + 50 + 54. List the prime factors of y.
2, 13
Let y(r) = 3*r**3 - 11*r**2 + 41*r + 7. Let t be 11 - (-2 - 42/(-6)). List the prime factors of y(t).
5, 101
What are the prime factors of (-221036)/(-80) + 1/20?
3, 307
Let d be ((-375)/(-20) + 12)/(3/8). Let z = 405 + d. List the prime factors of z.
487
Let h(k) = -3*k**2 - 10 - 16 + 8 + 10*k. Let q be h(6). Let u = q + 99. List the prime factors of u.
3, 11
Let o = 78252 - 40855. List the prime factors of o.
37397
Suppose -4609 = -5*r + 4*s, 0 = 5*r - 30*s + 27*s - 4613. What are the prime factors of r?
5, 37
Let j(f) = -f**2 - 9*f - 8. Let a = 66 + -73. Let q be j(a). What are the prime factors of (2/(-9) + (-1090)/(-45))*q?
2, 3
Let d = 61 - 51. Suppose d - 124 = -5*j + a, -3*j + 5*a + 86 = 0. Suppose -j*u = -25*u + 120. List the prime factors of u.
2, 5
Let f(l) = 597*l**2 + 4*l - 3. Let d be f(1). Let j = d - 172. List the prime factors of j.
2, 3, 71
Suppose 0 = 2*q - 4*j - 7506, -q + 37*j + 3757 = 33*j. What are the prime factors of q?
23, 163
Let c be 6/(-3) + 9 + -6 + 1. List the prime factors of (3278/4 - -11)/(c/4).
11, 151
Let o be 2 + 581 + -3 + 0. Let n be 234/60 + 2/20. Suppose 3*j = -3*k + 405, -n*j - 2*k + 6*k + o = 0. List the prime factors of j.
2, 5, 7
Suppose 2*r = -2*y + 7 + 3, -4*r = -4*y - 4. Suppose -y*v - 96 = -2*w, 42 = -5*v - 3*w - 214. List the prime factors of ((-240)/v)/(-3*2/(-80)).
2
Suppose x - 15859 = 3*i, -19*i = -17*i + 14. What are the prime factors of x?
2, 7919
Let u be 8/(-6) + 14/(-3). List the prime factors of 469 + ((-4)/4 - u).
2, 3, 79
Let y be 18 - (6/12)/(2/(-8)). Suppose y = -h - 5*q + q, -5*h + 10 = -2*q. Suppose h = -g - g + 126. What are the prime factors of g?
3, 7
Suppose -2*x + 4 = 0, 8 + 4 = h + 3*x. Suppose 2 = 4*j - h. Suppose j*r + 3*u - 100 = -3, r + 3*u - 44 = 0. What are the prime factors of r?
53
Suppose -5*f = -7*f - 3*w + 33, -2*f - 4*w = -34. List the prime factors of f/(-20) + 7550/8.
23, 41
Suppose 0 = -21*p + 27*p + 12. Suppose 0 = 3*g + 3*u - 1284, -2*u + 347 = 3*g - 941. List the prime factors of g/32 + p/(-4).
2, 7
Let c be (18/(-4) + 3)/((-6)/2296). Suppose 4*y = 98 + c. Suppose -6*z - y = -9*z. What are the prime factors of z?
2, 7
Let f = 32 - 12. Let t be 8*(75/f + -1). Let b(w) = 8*w - 6. What are the prime factors of b(t)?
2, 5, 17
Let y(g) = -g**3 - 18*g**2 - 4*g - 45. Let b be y(-18). Let o be 6/(b + -3) + 11062/8. What are the prime factors of o/7 - 4/7?
197
Let k = -4059 - -18194. Suppose -42*d = -53*d + k. List the prime factors of d.
5, 257
Suppose 2*b = 5*b - 9. Let g = 164 - 72. Suppose b*w + 2*t = 7*w - 120, -t - g = -3*w. What are the prime factors of w?
2
Let d = -2 + 2. Let h be (-68)/(-12) + (-22)/33. Suppose -5*z + 5*o + 465 = d, -h*z - 3*o = -7*o - 460. List the prime factors of z.
2, 11
Let d = -48 - -62. Let b = d - 11. Suppose -b*t + 65 + 55 = 0. List the prime factors of t.
2, 5
Let u(l) = -84*l - 12. Let k be u(-8). Suppose 0 = -6*s + 2430 + k. What are the prime factors of s?
5, 103
Let d = -4171 - -39113. List the prime factors of d.
2, 17471
Suppose -164*t = 6*t - 28*t - 219390. What are the prime factors of t?
3, 5, 103
Suppose g - 8*l - 20 = -12*l, -g - 2*l = -10. List the prime factors of 638 - (6 - g/4).
2, 79
Let u be -1 + (-66)/(-78) - (-386)/(-26). Let b be ((-324)/u)/((-6)/(-40)). Suppose 0 = k - 4*k + b. What are the prime factors of k?
2, 3
Let d be ((-1734)/(-9))/((-5)/15) - -1. Let x = d - -831. What are the prime factors of x?
2, 127
Suppose 2*u + y = -3*y + 4876, 5*u + 5*y = 12185. Suppose -5*f = 2*a - u, 5 + 7 = 4*a. List the prime factors of f.
2, 3
Let u(x) = -106*x**2 - 2*x - 1. Let v be u(1). Let h = v + 114. Suppose h*q = 2*n - 12, 4*q = 4*n + q - 24. List the prime factors of n.
2, 3
Let l = 174 - 172. Suppose 398 + 368 = l*x. What are the prime factors of x?
383
Let m be (18/4)/(103/206). Suppose 5*x - 4*q = 7418, 4*x - 7*q - 5950 = -m*q. What are the prime factors of x?
2, 743
Suppose 3*t = r + 495, -3*t - 4*r + 85 = -395. Suppose 2*z = -a + 7*z - t, 5*z - 780 = 5*a. Let v = 218 + a. List the prime factors of v.
2
Let h(q) = 172*q + 24. Let z be 7/2*936/546. List the prime factors of h(z).
2, 3, 11
Suppose 19*g + 5111 = 124032. List the prime factors of g.
11, 569
Let x(d) = -15*d - 12. Let j be x(-1). Suppose 0 = -j*c + 1922 + 292. List the prime factors of c.
2, 3, 41
Suppose 5*i - 30629 = -4*z, -z - 1228 = 2*i - 8883. List the prime factors of z.
47, 163
Suppose -11 = -9*n + 43. Suppose -n*b - 40 = -286. Let k = 62 - b. List the prime factors of k.
3, 7
Suppose 22*c - 273821 - 788317 = 0. List the pri